= -3*b, 2*h - 85691 = -5*b. Is h a prime number?
True
Let g be ((-4)/(-10))/((-2)/(-5)). Let d be 15/g*2*(-476)/(-24). Let h = d + 1240. Is h composite?
True
Let i be (-738470)/22 - (-32)/(-176). Is (5 - 1)/(i/(-6711) + -5) a composite number?
False
Let m = -20547 - -263618. Is m composite?
True
Let o = -39911 - -66704. Suppose -d - 2*x + 8811 = 0, -5*d + 70857 = x + o. Is d a prime number?
False
Let o(u) = -u**3 - 9. Let q be o(0). Let m = q + 30. Suppose m*d = 24*d - 2289. Is d prime?
False
Let h(q) = q**3 + 12*q**2 + 20*q + 4. Let r be h(-10). Suppose r*z - 5*z + 2*d + 7887 = 0, 5*d = 2*z - 15769. Is z composite?
True
Suppose -3*z + 3*h - 12 = 0, -z = -4*z - 5*h + 12. Let p be z/3 + 17862/18. Suppose 3*j = p + 94. Is j composite?
True
Let q = -126096 - -412897. Is q prime?
True
Let y = -11187 - -16124. Is y prime?
True
Is (156/16 + -11)*-25684 composite?
True
Let g = 60 - 40. Is 8397/5 - 8/g prime?
False
Suppose 24*u + 10116400 = -4611200. Is 16/44 - u/110 a prime number?
False
Let t(u) = 12*u - 32. Let j be t(3). Suppose y + 1084 = q, -4*q - y = j*y - 4363. Is q a prime number?
True
Let o be (-2)/(-2) + (-3406)/(-2). Let w be 1 + 1 + (39 - 43) + 4. Suppose w*m = 1814 + o. Is m a composite number?
False
Let h(y) = -y**2 + 10*y - 23. Let z be h(6). Is -59*((-4)/z + -327) + 6 prime?
False
Let w be (-1 - (-9 - -9))*32/(-2). Is (8924/w)/(2/8) composite?
True
Let f = 13 - 8. Let i be (7/f - 1) + 3864/(-35). Let j = 925 + i. Is j composite?
True
Is (-49 - (5 - 1))/(4*(-3)/2868) a prime number?
False
Let m = 3406 - 1212. Is m prime?
False
Suppose 5*j = -0*z - 3*z + 13, -5*z + 7 = j. Suppose -5*o = -j*w - 81255, -7*w + 32473 = 2*o - 2*w. Is o a prime number?
True
Suppose -3*c + 5*p + 408299 = -0*c, 5*p = 10. Is c composite?
True
Let m = 1823 + -462. Is m prime?
True
Let y = 2977 - 1719. Suppose 2*f = 4*i + y, -f - 3075 = -6*f - 4*i. Is f a prime number?
True
Let p(i) = -2*i - 5 - 3*i**3 + 2*i**2 + 4*i**2 + 19 + 3. Is p(-10) a composite number?
False
Suppose 4*x + 272 + 206 = 5*c, -464 = -5*c - 3*x. Let z(a) = c + 3*a**2 - 2*a**2 - 49 - 63. Is z(-8) a prime number?
False
Is (13/39 - 55/66)/((-1)/1533142) a prime number?
False
Is (645 - 648) + 24022/1 + 0 prime?
True
Let a(x) = -3576*x**2 - 20*x + 17. Let f(g) = -1192*g**2 - 7*g + 6. Suppose 0*w + 85 = 5*w. Let v(y) = w*f(y) - 6*a(y). Is v(1) composite?
False
Is 5 + (6*7/(-28))/(2/(-330984)) a composite number?
False
Let x(w) = -7*w**3 + 11*w**2 - 21*w + 13. Let o(l) = -l**3 + l. Let b(k) = -5*o(k) - x(k). Is b(6) a composite number?
True
Suppose 5 = 14*f + 47. Let s(u) = -3*u**3 - u - 1497. Let k(p) = 2*p**3 + 748. Let l(a) = f*s(a) - 5*k(a). Is l(0) prime?
True
Suppose 6658*q = 6652*q + 1586622. Is q a composite number?
False
Let q be (0 - 10/(-3))/((-26)/(-54600)). Suppose 0 = 10*d - 3*d - q. Let s = d - 481. Is s composite?
True
Let m = 69 - 67. Let s(l) = 17 + 46*l**2 - 5*l - 7*l - 24*l**m. Is s(7) prime?
False
Let h(d) = -268*d**3 - 61*d**2 - 6*d - 173. Is h(-10) a composite number?
False
Suppose 0 = 11*l + 1 - 56. Is 6397 + 5/5 + l a composite number?
True
Suppose 0 = -71*a + 14*a - 3*a + 55999740. Is a composite?
False
Suppose 2961747 - 12877104 = -18*o + 3194385. Is o prime?
False
Let i(f) = -2 - 8*f + 11*f - 2*f. Let l be i(8). Suppose 0 = -l*a - a + 5173. Is a a prime number?
True
Let b = -20 - -22. Let t be b*(2404/8 - -4). Suppose -4*k + t - 29 = 0. Is k composite?
True
Suppose -13*d + 6 = -10*d. Suppose -27 = 2*x + 5*w - 8, -d*x - 3*w - 9 = 0. Suppose -x*u + 169 = -224. Is u composite?
False
Let q be 14/5 + 1/5. Suppose z + 17 = q*z - 3*o, 4*z - 1 = -5*o. Suppose -4*m = 4*s - 1008, -1033 = -8*m + z*m + s. Is m a prime number?
True
Let a = -72 + 22. Let t be ((-6)/2)/(15/a). Let g(z) = 50*z + 41. Is g(t) composite?
False
Let o(f) = f**2 + 49*f - 109. Let m be o(-51). Is (6 - (-905891)/49) + 4/m composite?
False
Let i(k) = 13980*k - 427. Is i(9) a prime number?
False
Let s(m) = m**3 + 18*m**2 + 24*m + 1. Suppose r + 3*r = -36. Let z be (80/15)/(6/r). Is s(z) prime?
True
Suppose -3*k - 205694 = -4*u + 34967, u + 4*k - 60151 = 0. Is u prime?
False
Suppose 92*z + 508 = 91*z. Suppose -h = 5*s - 1112 - 4582, 1143 = s - 4*h. Let b = z + s. Is b a prime number?
True
Let t be 84/(-21) - 8*-1. Suppose 3*v - 3*k - 18438 = 0, -3 = -k - t. Is v a prime number?
False
Let h(o) = -59*o - 32. Let w be h(12). Is (-485)/2*w/50 a prime number?
False
Let h = 6658235 + -1276006. Is h a prime number?
True
Suppose -231 = -29*v + 233. Suppose -v*f + 109570 = 2194. Is f prime?
False
Suppose 2*f = -d + 1414863, 5*f + 107*d - 110*d = 3537130. Is f composite?
False
Let p(m) = -4*m**3 + 2*m**2 + m. Let d be p(1). Let k be (12/30)/(d/(-30)). Suppose 0 = -k*h + 11*h + 1061. Is h a composite number?
False
Let z = -436 - -447. Suppose 4*j - 6*v = -z*v + 189797, -v = -5*j + 237268. Is j a composite number?
True
Let x be -2 + 0 - (0 + -257). Let b be 51/x - ((-38)/10 - -1). Suppose 2*t = 2*u + 176, -t = b*t - u - 343. Is t a composite number?
True
Suppose 355 = 17*c - 223. Suppose -c*x + 9*x = -610975. Is x prime?
True
Let j(g) be the second derivative of -647*g**3/2 - g**2 + 52*g. Is j(-1) prime?
False
Let c(k) = 2*k**2 - 11*k + 8. Let j be c(5). Suppose -626 = -j*b + 9733. Is b prime?
False
Let b(t) = 162*t**2 - 46*t - 337. Is b(-11) a composite number?
True
Let q(t) = 317168*t + 159. Is q(1) a composite number?
False
Let z(p) = -11*p + 30. Let w(d) = 1. Let n(x) = -2*w(x) - z(x). Let c be n(3). Is ((-581 + -5)*c)/(4/(-2)) prime?
True
Let h(t) = 3*t + 38. Let k be h(-12). Suppose k*j = 5*c - 54541, -5*c + 5*j = 8*j - 54526. Is c prime?
False
Is (-8)/(4503/2252 + -2) + 5 a composite number?
True
Is ((-2)/3)/((-900515)/6302919 - 1/(-7)) composite?
True
Let m(s) = 1613*s**3 + 26*s**2 + 26*s - 128. Is m(5) composite?
False
Suppose 4*p - 814770 = x - 3*x, -5*x = -2*p + 407415. Is p composite?
True
Let m(i) = 373*i - 78. Let t = -74 + 81. Is m(t) composite?
True
Suppose 4*c - 15 = -3. Suppose -3*r = -a + 3871, 5*a - 4*r - 12143 = 7245. Suppose -c*p = -16457 - a. Is p composite?
False
Let w = -73 - -75. Suppose 1 + w = z. Suppose 306 = -z*m + 1101. Is m a composite number?
True
Let b = -84 - -90. Suppose -3*f = h, b*f = -h + f. Suppose h = 5*r - 3*v + v - 6359, r - 3*v - 1277 = 0. Is r a prime number?
False
Let a = 44016 + -11352. Suppose -9*u + a = 15*u. Is u composite?
False
Is -7 + (-3957144)/(-30) + (-4)/5 composite?
True
Let w = 55 - 54. Is w + (-20755 - 6/(-6))/(-2) a prime number?
False
Let o(i) be the third derivative of i**6/40 - 7*i**3/6 - 18*i**2 - 2*i. Suppose 6 = 2*u - 6. Is o(u) a prime number?
True
Let c be (0 + -3)/(-3)*7. Suppose c*t - 930 - 7631 = 0. Is t prime?
True
Let a(l) = 33529*l + 34. Is a(1) prime?
True
Let v(y) = 4443*y**3 + 6*y**2 - 85*y + 7. Is v(5) a composite number?
True
Let p = 259455 + -168044. Is p a prime number?
True
Let p(r) = 3*r**2 + 21*r**3 + 22 - 57 + 15 + 2*r + 17. Suppose -2*w - 2*w + 16 = 0. Is p(w) prime?
False
Suppose 0 = 133*c - 134*c + 3. Is 77/(-33)*(c + -4974) a composite number?
True
Let o be (-40 + 2)*(2 - 3). Let c = -26 + o. Suppose c*q = 38 + 1486. Is q composite?
False
Let k be (-52)/6*(-93)/62. Suppose x + 4*r - 717 = 0, 10*r - k*r - 2091 = -3*x. Is x a prime number?
True
Let b be (-4)/10 - (5 - (-28)/(-20)). Is b/(-14) + ((-482820)/35)/(-4) prime?
True
Suppose 2*n - s = -6 + 16, 0 = 5*n + 4*s - 25. Let l(g) be the third derivative of 95*g**4/24 - g**3 + 2*g**2. Is l(n) composite?
True
Suppose 62*r - 3954283 + 3918743 = 18399602. Is r a prime number?
False
Let n(o) be the first derivative of 22*o**2 - 7*o + 1. Let b(j) = j + 16. Let l be b(-4). Is n(l) prime?
True
Let a(u) = 10247*u**2 - 4*u + 1. Let g be a(-2). Suppose -g = -24*f + 41395. Is f a composite number?
False
Let t(k) = -k**2 + 17*k - 29. Let q be t(15). Is q/(16572/2367 - 7) a composite number?
True
Let o(s) = -6*s**3 - 5*s**2 - 19*s - 117. Let k(b) = -7*b**3 - 7*b**2 - 18*b - 117. Let j(g) = -3*k(g) + 4*o(g). Is j(-10) a composite number?
False
Suppose f - 5*j = 290840 + 235497, 5*f - 3*j - 2631553 = 0. Is f prime?
True
Let a = 32 + -30. Suppose -8 = -a*p - 2*p. Suppose 0 = p*n - 4*n + 710. Is n composite?
True
Let g = 11459 - -5070. Is g a prime number?
True
Let q be ((-19)/3 + 1)/(2/(-11073)). Suppose